 by d(m)?
14
Let x be 5/1 + 0 + -2. Let r = 7 - x. What is the remainder when 24 is divided by ((-39)/(-12))/(1/r)?
11
Let t(i) = -i**2 + 9*i - 7. Let r be t(7). Suppose 0 = 4*a + r - 71. Let v = 4 - -5. What is the remainder when a is divided by v?
7
Let s = -38 + 44. Calculate the remainder when 54 is divided by (-11 + s)*14/(-5).
12
Let s(r) = 2*r**2 + 2*r + 3. Calculate the remainder when s(-7) is divided by -1*(48/(-2) + 2).
21
Let y(l) = -6*l - 7 - 2 + 3 - l**2. Let a be y(-4). What is the remainder when 21 is divided by a + (12 - (6 - 4))?
9
Let s(l) = -l**2 - 13*l - 5. Suppose 0*z - z + 3 = 0. Suppose -t - 4*t = -2*g + 50, 4*g - 30 = z*t. Calculate the remainder when s(t) is divided by 14.
11
Let m = -24 - -74. Calculate the remainder when (-1)/(35/m)*7*-1 is divided by 7.
3
What is the remainder when ((-24)/2)/((-26)/91) is divided by 34?
8
Let a(d) = 2*d - 24. Let i be a(12). Suppose i + 160 = 5*h. Let w = -16 + h. What is the remainder when 30 is divided by w?
14
Calculate the remainder when -3 + -1 - -1 - -6 is divided by 3.
0
Suppose 3*h - 17 = 3*f - 8, -5*f + 6 = 2*h. Let j(l) = 3*l**3 - 6*l**2 - 4*l + 6. What is the remainder when j(h) is divided by 12?
9
Let d = 25 + -11. Suppose 3*s - d = s. What is the remainder when s is divided by 4?
3
Let b be 4/(-6) - (-1788)/36. Suppose b = 4*r - 3*r. Let z(y) = 5*y**2 - y - 1. Calculate the remainder when r is divided by z(2).
15
Let a be (-6 - -2) + 72/1. Suppose k + 18 = a. Suppose 2*t + 3*t = k. What is the remainder when 18 is divided by t?
8
Let v(z) = z + 0*z - 6*z**2 + 8*z**2 + 6*z**2 - 2. What is the remainder when 25 is divided by v(1)?
4
Calculate the remainder when (56/42)/((-4)/(-306)) is divided by 41.
20
Suppose 125 = 3*k - 5*n, -4*k - n = -3*n - 190. What is the remainder when k is divided by 11?
6
Let p(k) = -k**2 + 21*k - 3. Let y be p(21). What is the remainder when 126 is divided by 26*(1 - y/(-6))?
9
Suppose -4*h = -23 + 15. Let b(n) = -n**3 - 2*n**2 - 3*n - 3. Calculate the remainder when (-5*(-3 + 1))/h is divided by b(-2).
2
Suppose 2*x - 192 = -2*x. Suppose 4*b - x - 64 = 0. Let f(m) = -m**2 - 5*m + 10. What is the remainder when b is divided by f(-5)?
8
Let x be (-398)/(-9) + 4/(-18). Let h = 67 - x. Calculate the remainder when 87 is divided by h.
18
Suppose -9*c + 14*c + 40 = 0. Suppose d - 2*d = -21. What is the remainder when d is divided by (48/28)/(c/(-28))?
3
Let f(z) = 22*z + 4 + 8*z - 17*z**2 + z**3 - 53 + 4*z. Calculate the remainder when 22 is divided by f(15).
0
Suppose 0 = -133*a + 135*a - 5*r - 42, -2*a + 3*r + 42 = 0. What is the remainder when (25/(-3))/((-2)/30) is divided by a?
20
Let f = -27 - -37. What is the remainder when 216 is divided by f?
6
Suppose 48*r - 4*r + 29*r - 6059 = 0. What is the remainder when r is divided by -6*(-3 + (0 - -1))?
11
Suppose 0 = t - y - 56, -5*t = -0*t + 2*y - 280. What is the remainder when 159 is divided by t?
47
Suppose -8*p - 16 = -48. Suppose 3*o - o = -p, l + 5*o = 34. What is the remainder when 87 is divided by l?
43
Let n = -66 + 103. Suppose 3*o + 0 = -4*v + 13, v - 5 = o. Suppose v*z - 86 = 2*y, 1 = -z - 4*y - 0. Calculate the remainder when n is divided by z.
18
Let g(k) = k**3 - k**2 + 7. Let m = 241 - 167. What is the remainder when m is divided by g(3)?
24
Suppose -4*y + t + 125 = 0, 0*y + 3*y - 75 = -3*t. Let l = -17 + y. Calculate the remainder when 38*(2 - (-2)/(-2)) is divided by l.
12
Let s(l) = 2*l**3 + 17*l**2 + 8*l + 25. What is the remainder when 34 is divided by s(-8)?
9
Suppose -9 = -2*p + 39. What is the remainder when 12/p + (-105)/(-2) is divided by 11?
9
Suppose -84 = 16*q - 19*q. Calculate the remainder when 137 is divided by q.
25
Suppose -7*r + 95 = -10. What is the remainder when r is divided by 8?
7
Suppose -11*v + 5*v = -684. Calculate the remainder when 125 is divided by v.
11
Let c = 346 + -140. What is the remainder when c is divided by 42?
38
Suppose -5*z + 69 + 81 = 0. Suppose -6*g + g = -z. Suppose -g*m = -2*m - 8. Calculate the remainder when 5 is divided by m.
1
Suppose 93 = 3*p - b, -3*b + 9 = -0*b. What is the remainder when 82 is divided by p?
18
Let c = 26 - 24. What is the remainder when 22*c/12*(-4 - -13) is divided by 3?
0
Suppose 41 = 2*z - 3*b, -3*z - 4*b + 6*b = -74. What is the remainder when 100 is divided by z?
16
Suppose -4851 + 1632 = -87*s. What is the remainder when 605 is divided by s?
13
Let n(x) = 12*x**2 + 2*x - 11. Calculate the remainder when n(-3) is divided by 33.
25
Let z = 1334 - 759. Suppose -j + 6*j + z = 0. Let t = -71 - j. Calculate the remainder when t is divided by 16.
12
Let q(y) = y**3 + 3*y**2 - 12*y - 9. Calculate the remainder when q(-4) is divided by 7.
2
Suppose 3*a = 5*n - 5, -5*a + 2 = -n + 3. What is the remainder when n/(-5*5/(-1100)) is divided by 15?
14
Let p be (212/(-6))/((-40)/60). Let b = p + -41. What is the remainder when 58 is divided by b?
10
Let d(b) = 2*b**2 + 3*b + 5. Suppose 38*c - 3716 = 2174. Calculate the remainder when c is divided by d(-5).
35
Suppose 5*r = 5*k - 1450, 0*r - 293 = -k + 2*r. Calculate the remainder when 64 is divided by (-30)/(-255) - k/(-17).
13
Suppose -2*k = 2*a - 12, 5*k - 14 - 6 = -4*a. Suppose 8*n + 90 = a*n. Suppose 5*h - 8*h = -n. Calculate the remainder when 27 is divided by h.
12
Calculate the remainder when (-19)/((-2)/(-40)*-5) is divided by 6.
4
Suppose -2*x + 53 = -j - 136, -2*j - 99 = -x. What is the remainder when 355 is divided by x?
76
Let k(i) = -2*i + 49. Let z be k(23). Suppose 10*u - z*u = 56. What is the remainder when 28 is divided by u?
4
Let t = -148 + 329. Calculate the remainder when t is divided by 62.
57
Suppose q + 7 - 24 = 0. Let k(h) = -h**2 - 7*h. Let o be k(-7). What is the remainder when (-2)/3*(-99 + o) is divided by q?
15
Suppose 4*b = b + 6. Let y = -2 - b. Calculate the remainder when 29 is divided by ((-6)/y - 2)*-32.
13
Let u(y) = y**3 - 16*y**2 + 14*y + 15. Let n be u(15). Suppose 8 = -5*f + 18. Suppose n + f = 2*b. Calculate the remainder when b is divided by 1.
0
Let n = -17 + 31. Let g = n - 12. Suppose -5*b + 5*z = -70, 0 = g*b + 4*z - 17 - 11. What is the remainder when 53 is divided by b?
11
Let k = -6 - -152. Calculate the remainder when k is divided by 30.
26
Suppose 4*j - 913 = -3*n + 484, n = -4*j + 1407. Calculate the remainder when j is divided by 5.
3
Suppose 4*u = 0, 3*d = 6*u - u + 447. What is the remainder when d is divided by 31?
25
Suppose -24*a = -26*a + 112. Calculate the remainder when a is divided by 31.
25
Suppose 3*p = 11*p - 1280. Calculate the remainder when p is divided by 15.
10
Suppose 40*w - 220 = 7620. What is the remainder when w is divided by 61?
13
Let g = -667 - -757. Suppose 2*a + a - 15 = 0. Suppose 2*f - a*s - 56 = 0, 7*f + 4*s = 3*f + 84. What is the remainder when g is divided by f?
21
Let o(n) = -5*n + 12. Let p be o(4). Let w = p - -20. Calculate the remainder when 58 is divided by w.
10
Let s = 124 + -83. Suppose -850 = -5*j + 5*i, -30*i + 25*i - 35 = 0. What is the remainder when j is divided by s?
40
Let y be (160/12)/(9/(-27)). Let d = y + 42. Calculate the remainder when (1/(-1))/(2/(-14)) is divided by d.
1
Let y = 760 - 528. What is the remainder when y is divided by 47?
44
Suppose v - 6 = -2. Let d(w) = -w**2 + 2*w + 14. Calculate the remainder when 8 is divided by d(v).
2
Suppose 1947*l - 424 = 1943*l. Let h = -30 - -57. What is the remainder when l is divided by h?
25
Suppose -2*x - 3*m + 75 = 22, -5*m = -4*x + 139. Calculate the remainder when x is divided by 20.
11
Suppose 0 = -3*z + 2*r + 79, 5*r - 67 = -4*z. What is the remainder when z is divided by 15?
8
Let y be (5/2)/(2/72). Let a = y + -53. Suppose -85 = -5*t - 20. Calculate the remainder when a is divided by t.
11
What is the remainder when 109 is divided by (-176)/(-132)*(-174)/(-8)?
22
Suppose 4*k = -k - 10. Let l be 1/((-14)/(-6) + k). Suppose -l*j - 34 = -5*j. Calculate the remainder when 33 is divided by j.
16
Let f(l) = 24*l - 188. Let c(s) = 9*s**2 + 4*s + 1. What is the remainder when c(-5) is divided by f(10)?
50
Let q = -1120 - -1131. What is the remainder when 119 is divided by q?
9
Suppose 7*b - 3*r + 143 = 9*b, 395 = 5*b - 5*r. What is the remainder when b is divided by 6?
4
Let l(u) = u**2 + 4*u - 4. Calculate the rema